uppose -w + 0*q - 5 = -3*q, 0 = 2*w + 5*q - 12. Determine a(w).
10
Let w(y) = -6*y**3 - y**2 + 4*y + 4. Let n be 48/9 + 2/(-6). Let q(x) = -6*x**3 - x**2 + 5*x + 5. Let g(f) = n*w(f) - 4*q(f). Determine g(1).
-7
Let o(p) = -4*p**2 - 4*p**2 - 2*p + 9*p**2 + 1 + 4*p**3. Calculate o(1).
4
Let d(h) = h**3 - 4 + 2*h + h**2 + 1 + 0*h - 7*h**2. What is d(6)?
9
Suppose -3 - 5 = -4*t. Let g(r) = -3*r**t + 2*r**2 - 2*r + 0*r**2. Give g(-1).
1
Let z = -3 + 1. Let b(w) = -w + 41*w**3 - 2*w**2 + 4 - 6 - 42*w**3. Calculate b(z).
0
Let w = 4 - 9. Let c(q) = -q - 1. Calculate c(w).
4
Let u = 115 - 109. Let b(i) = i**3 - 7*i**2 + 7*i - 9. What is b(u)?
-3
Let w(m) = -4*m + 38. Let b be w(11). Let v(c) = -c - 8. What is v(b)?
-2
Let a(g) = 2*g - 3 + 0 + 2 + 4. What is a(-6)?
-9
Let s(l) = l + 6. Suppose 7*g = 8*g - 6. Let k = -1 - -1. Suppose -g*t + t = k. What is s(t)?
6
Let q be (-2)/(-7) - 2/7. Let c = 5 + -3. Let p(h) = 0 - h - 2 - c. Give p(q).
-4
Let n(r) = r**2 - 6*r + 5. Let x = 43 + -39. What is n(x)?
-3
Let k(r) = 2*r - 1. Let o = 70 - 71. Give k(o).
-3
Let b(r) = 2*r**3 + 5*r**2 + 4*r - 10. Let c(f) = f**3 + 2*f**2 + 2*f - 5. Let x(s) = -4*b(s) + 7*c(s). Give x(-5).
-10
Let p = -3 + 1. Let t = 4 - 3. Let r(o) = o - o - t - 3*o - o**2. Determine r(p).
1
Let m = -7 + 13. Let y(l) = 4*l**2 + 6*l - 7. Let o(v) = -5 + 0*v - 1 + 6*v + 3*v**2. Let h(b) = -5*o(b) + 4*y(b). Determine h(m).
2
Suppose 2*q = 3*q. Let d(y) = -56*y + 3 + 55*y + q + 0. Determine d(0).
3
Let g(d) = d - 2. Let t = -21 - -21. Give g(t).
-2
Let u(v) = 3*v - 7*v - 2*v**2 - 1 - 2. Determine u(-3).
-9
Let t(o) = o**2 + 3*o - 2. Let x be t(-4). Let j(m) = 1 + m - 4*m**x - 4*m + 3*m**2 + 0*m. Give j(-5).
-9
Let f be (3 - (-11)/(-2))*2. Let h(v) = v**2 + 5*v + 5. Let w be h(f). Let n(o) = -7 + 1 - o**2 + 0*o + w*o. Give n(4).
-2
Let d be 1 - (-1 + (-6)/3). Suppose 2*m - 8 + d = 0. Let o(q) = -3*q + 1. What is o(m)?
-5
Suppose -z - x - 4*x - 21 = 0, -2*z - 2*x - 18 = 0. Let q(d) = d**3 + 6*d**2 + d - 4. What is q(z)?
-10
Let w be 22/7 + 1/(-7). Let s be 6/(-9) + (-13)/w. Let a(b) = -b**3 - 5*b**2 + b + 5. Give a(s).
0
Suppose -k - 29 = -5*f - 6, 0 = 4*f - 3*k - 14. Suppose -2*s + 2*j - 8 = 0, -2*s + s - f*j = -20. Let d(u) = 4*u + u**2 + s*u**2 + 7 + 3 - 5*u. Give d(0).
10
Let s(i) = -3*i - 17. Let n(u) = -u - 6. Let r(g) = -8*n(g) + 3*s(g). Let k be ((-3)/4 - 5) + 1/(-4). Calculate r(k).
3
Let d(z) = 4 + z - z + z. Suppose 5*c = 30 + 30. Suppose 3*b + c = -0*b. What is d(b)?
0
Let n(t) be the first derivative of -3*t - 5/2*t**2 + 9 - 2/3*t**3. Calculate n(-4).
-15
Let j(s) = -s**2 - 3. Let k = -10 + 10. Let p be j(k). Let u(z) be the first derivative of 3*z**2/2 + 4*z - 1. Calculate u(p).
-5
Let i(v) be the second derivative of v**5/20 + v**4/4 - 2*v**3/3 - 3*v**2/2 + 11*v. Give i(-4).
-3
Let n(l) = -l**3 - 13*l**2 - 10*l + 32. Let y be n(-12). Let u(o) = -o**2 + 7*o - 11. Determine u(y).
-19
Let u = 6 + -7. Let x(b) = -114*b + 1 + 0*b**3 + 115*b + 10*b**3. What is x(u)?
-10
Let s be (-6)/4 - 55/(-10). Let k(d) = -d + 3. Calculate k(s).
-1
Let v(i) = -9*i + 6. Let w(d) = 17*d - 11. Let g(s) = 11*v(s) + 6*w(s). Calculate g(3).
9
Suppose -5*u = -6*u + 5. Let j(f) = -f + 1. Calculate j(u).
-4
Let a = 4 - 0. Let l(h) = -h**3 + 5*h**2 - 3*h + 1. Determine l(a).
5
Let h(a) be the second derivative of a**4/3 - a**3/3 + a**2/2 + 15*a. Determine h(1).
3
Let r(n) be the second derivative of -n**3/6 + 9*n**2/2 - n - 13. Calculate r(4).
5
Let h(c) be the first derivative of -c**4/4 + 7*c**3/3 + 5*c**2 - 10*c + 1. What is h(8)?
6
Suppose 0 = -5*g + 3*g. Let u(m) = 4*m - 2*m + 1 - 2 + g. Give u(4).
7
Let r(f) = -f**3 - f**2 - f - 5. Suppose -4*u = u - 100. Let a = u - 30. Let y(q) = q**2 + 9*q - 10. Let d be y(a). Calculate r(d).
-5
Let f(y) = -7*y**2 + 9*y + 15. Let a(c) = 4*c**2 - 5*c - 8. Let g(z) = -5*a(z) - 3*f(z). Let j(w) = 4*w**3 + w**2 - 1. Let x be j(1). What is g(x)?
3
Let f(g) be the first derivative of -g**4/4 - 2*g**3/3 + 5*g**2/2 + 4*g + 1. Suppose -3 = 2*s + 3. Determine f(s).
-2
Let y(i) be the third derivative of -i**5/60 - i**4/4 - i**3/2 + 2*i**2. Let a be y(-4). Let t = -6 + a. Let u(x) = 2*x**2. Determine u(t).
2
Let j(n) = -n**3 - 4*n**2 + 2*n + 2. Let g = -5 - -10. Suppose -w + g - 3 = 0. Suppose -2*a + 7*a - 28 = 2*q, 8 = w*a. What is j(q)?
-6
Let q(p) = -p**2 + 4*p - 4. Let u be (-9)/15 + 13/5. Suppose 0 = -u*j - 0 + 6. Let y = 6 - j. What is q(y)?
-1
Let x(i) = -3*i - 5 + 11 + 4*i. Let d(y) = y + 1. Let s be d(4). Let h(u) = -u**3 + 4*u**2 + 5*u - 4. Let f be h(s). What is x(f)?
2
Let d(s) be the second derivative of s**7/2520 - s**6/144 + s**5/60 + s**4/4 - 3*s. Let p(f) be the third derivative of d(f). Determine p(5).
2
Let l(a) be the second derivative of -a**4/12 - 7*a**3/6 - a**2 + 7*a. Give l(-7).
-2
Let n = -15 + 16. Let y(c) = c**3 - 6*c**2 - 7*c + 1. Let t be y(7). Let u(g) = -3 + n + t - 2*g. What is u(-1)?
1
Let q be -4 + (0 - -1)/((-9)/(-27)). Let x(r) = 19*r**3 + 2*r**2 - 1. What is x(q)?
-18
Let x(v) be the second derivative of -v**4/2 - v**3/6 - v**2/2 - 11*v. Calculate x(-1).
-6
Let v(j) = 10 - 17 - j + 10. Give v(4).
-1
Let g(o) = o**3 - 6*o**2 + 5*o + 5. Suppose -4*r = -5 - 3. Suppose v + b = 15 + 8, -5*b - 25 = -r*v. Suppose 5*z + 5 = 2*s, v = 3*s + 4*z + 1. Calculate g(s).
5
Let n(j) be the first derivative of j**3/3 + 4*j + 4. Suppose 0*d - 2*d - 6 = 0. Let m = d + 3. Determine n(m).
4
Suppose 2 = 4*f - 10. Let r(o) = -2*o**3 + 7 + 4*o**3 + 3*o**f - 4*o**3. What is r(0)?
7
Let a(b) = -6*b - 2. Let z be 26/(-12) + 8/48. Calculate a(z).
10
Let n(k) = -8 - 1122*k - 6 + 1120*k. Give n(-10).
6
Let g(j) = j - 10*j**2 + 4*j**2 + 8*j**2 - 2. Let n(v) = 22*v - 12. Let k(y) = 7*y - 4. Let b(h) = 16*k(h) - 5*n(h). Let c be b(3). Give g(c).
8
Suppose -13*n + 66 = 222. Let l(z) = -z - 6. Give l(n).
6
Let m(a) be the second derivative of a**3/2 + a**2 - a. Suppose 5*w - 82 = 4*q, 3*w + 2*q - 24 - 12 = 0. Let j be 3/(-21) + (-54)/w. Calculate m(j).
-10
Let f = 4 + -2. Suppose f*t = -0*t - 22. Let p = t - -10. Let s(g) = -6*g**3 - 1. Calculate s(p).
5
Let n(y) = -2*y - 10. Suppose -5*j - 20 = -5*r, 4*j + 4*r - 9 + 49 = 0. What is n(j)?
4
Let n(o) be the first derivative of 4*o + 1/2*o**2 - 8. Calculate n(-6).
-2
Let k(u) = u + 1. Suppose 4*x + 9 - 21 = 0. Suppose -7 = 4*b - x. Give k(b).
0
Let t(l) = 16*l - 30*l - 4 + 16*l. Give t(5).
6
Let w(r) = 5*r - 8*r + 7*r. What is w(-2)?
-8
Let z(p) = 3*p**3 + 44 - 2*p**3 - 45 - 6*p**2. Determine z(6).
-1
Suppose 3*w + 22 = -5*o, 2*o = -w - 3 - 5. Let d(r) = r + 5. Calculate d(w).
1
Suppose 2*m - 10 = 5*w, 0*m = 4*m + w - 20. Suppose 0*h + 15 = -m*h. Let o(c) = c**3 + 4*c**2 + c. Determine o(h).
6
Let d(x) = x - 5. Suppose 11 = 3*b + 2. Suppose 2*i + 4*z - 15 = 3*z, -i + 20 = b*z. Give d(i).
0
Suppose 0 = 3*k - 0*k. Suppose d - 2 + 1 = k. Let o(g) = 4*g**3 - g**2 + 2*g - 1. Give o(d).
4
Suppose 12 = -y - 3*y. Let o = -7 - y. Let q = o + 8. Let c(a) = a**2 - 6*a + 2. Determine c(q).
-6
Let f(m) = -m**2 - m. Let d(i) = -2*i**2 + 4*i - 10. Let h(c) = d(c) - 3*f(c). Determine h(-8).
-2
Let v(h) = 1 - h - 5 - 2*h + 2*h. Suppose -5*y + 23 + 22 = 0. Let u be 24/10 - y/(-15). Calculate v(u).
-7
Let m be 0/1 + -7 + 10. Let t(v) = -v**2 - 1. Let y(z) = -3*z**2 - 5*z - 3. Let o(l) = -5*t(l) + y(l). Determine o(m).
5
Let g be (-18)/(-5) + (-10)/(-25). Suppose 2*c - g*f = -5*f, 0 = 4*c - 5*f - 28. Let w = c - 7. Let r(d) = -d + 1. What is r(w)?
6
Let x(v) = v - 1. Let g(n) = -2*n + 3. Let p(u) = g(u) + 3*x(u). What is p(-6)?
-6
Let f = 8 - 5. Let s(g) = -g**2 + g**3 + 3*g - 2*g**3 - f + 5. Determine s(-2).
0
Let v(h) = h. Suppose 0 = -3*p + 6*p. Calculate v(p).
0
Let j(h) be the third derivative of h**6/120 + h**5/15 - h**4/8 + h**3/2 - 2*h**2. Calculate j(-5).
-7
Let f(l) be the first derivative of 5*l**2/2 - 16. Calculate f(-5).
-25
Let o(h) = -h**2 + 3*h - 4. Let i = 29 + 9. Suppose -2*s + 21 = 3*p, -5*p - 3*s - 2 = -i. Suppose 5*t - 2*t = p. What is o(t)?
-4
Let z(d) = d**3 - 6*d**2 - 8*d + 4. Suppose -5*n + 3*h = -29, 3*n = n + 2*h + 10. Determine z(n).
-3
Let n = 69 - 72. Let u(z) = z**2 - z - 4. Give u(n).
8
Let h = -72 + 218/3. Let w(o) be the third derivative of 1/120*o**6 + 0 - 1/12*o**4 + o**2 + 1/30*o**5 + 0*o - h*o**3. Calculat